{"id":1338,"date":"2015-12-29T18:15:59","date_gmt":"2015-12-29T17:15:59","guid":{"rendered":"https:\/\/www.xalo.org\/?page_id=1338"},"modified":"2026-03-04T13:24:44","modified_gmt":"2026-03-04T12:24:44","slug":"escola","status":"publish","type":"page","link":"https:\/\/www.xalo.org\/es\/el-ayuntamiento\/regidories\/educacio\/escola\/","title":{"rendered":"Escuela"},"content":{"rendered":"<p><\/p>\n<h1>Plan de convivencia<\/h1>\n<p>Descarga el <a href=\"https:\/\/www.xalo.org\/wp-content\/uploads\/2025\/02\/pla_de_convivencia-CEIP-SERRA-DE-BERNIA.pdf\">plan de convivencia.<\/a><\/p>\n<h1>Comedor<\/h1>\n<ul>\n<li><a href=\"https:\/\/www.docv.gva.es\/datos\/2015\/06\/19\/pdf\/2015_5843.pdf\">Convocatoria de ayuda asistencial de comedor.<\/a><\/li>\n<li>Empresa: Jaluje S.L.<\/li>\n<\/ul>\n<h1>Escola matinera<\/h1>\n<p>Horari de 8 a 9 hores.<\/p>\n<p>Monitora: Maricela Ordines Fullana<\/p>\n<p data-pm-slice=\"1 1 []\"><a href=\"https:\/\/www.xalo.org\/wp-content\/uploads\/2025\/09\/Matinera-2025-26.pdf\">Informaci\u00f3n Escola matinera<\/a><\/p>\n<p data-pm-slice=\"1 1 []\"><a href=\"https:\/\/www.xalo.org\/wp-content\/uploads\/2025\/09\/Inscripcio-Matinera.pdf\">Inscripcio\u0301n Escola matinera<\/a><\/p>\n<h1>Proyecto de extraescolares del ayuntamiento<\/h1>\n<p>Horario de 15:30 a 16:30 horas.<\/p>\n<p><strong>PSICOMOTRICIDAD<\/strong><\/p>\n<p>Roser Avell\u00e0 Leida<\/p>\n<p><strong>MULTESPORT<\/strong><\/p>\n<p>Yovana D\u00edaz Valero y Carles Cambronero Font<\/p>\n<p><strong>COLOMBICULTURA<\/strong><\/p>\n<p>Asociaci\u00f3n de la paloma<\/p>\n<p><strong>BATUCADA<\/strong><\/p>\n<p>Joan Pedr\u00f3s Moll<\/p>\n<p><strong>M\u00daSICA Y MOVIMIENTO<\/strong><\/p>\n<p>Maria Esteve Lill<\/p>\n<h1>Contacta<\/h1>\n<p><strong>CEIP SERRA DE B\u00c8RNIA<\/strong><\/p>\n<ul>\n<li>Direcci\u00f3n: Cam\u00ed Cementeri, 12 &#8211; 03727 Xal\u00f3.<\/li>\n<li>Tel\u00e9fono: 96 573 90 28<\/li>\n<li>email: <a href=\"mailto:03006189@edu.gva.es\" target=\"_blank\" rel=\"noopener noreferrer nofollow\">03006189@edu.gva.es<\/a><\/li>\n<li>Web escuela:<a href=\"https:\/\/portal.edu.gva.es\/ceipserradebernia\/\"> https:\/\/portal.edu.gva.es\/ceipserradebernia\/\u00a0<\/a><\/li>\n<li>Telegram:\u00a0<a href=\"https:\/\/t.me\/+3XNE_HheXyYwNTk0\">https:\/\/t.me\/+3XNE_HheXyYwNTk0<\/a><\/li>\n<\/ul>\n<p>&nbsp;<\/p>","protected":false},"excerpt":{"rendered":"<p>Plan de convivencia Descarga el plan de convivencia. Comedor Convocatoria de ayuda asistencial de comedor. Empresa: Jaluje S.L. Escola matinera Horari de 8 a 9 hores. Monitora: Maricela Ordines Fullana Informaci\u00f3n Escola matinera Inscripcio\u0301n Escola matinera Proyecto de extraescolares del ayuntamiento Horario de 15:30 a 16:30 horas. PSICOMOTRICIDAD Roser Avell\u00e0 Leida MULTESPORT Yovana D\u00edaz Valero [&hellip;]<\/p>\n","protected":false},"author":1,"featured_media":0,"parent":758,"menu_order":0,"comment_status":"closed","ping_status":"closed","template":"","meta":{"_et_pb_use_builder":"","_et_pb_old_content":"","_et_gb_content_width":"","_uf_show_specific_survey":0,"_uf_disable_surveys":false,"footnotes":""},"class_list":["post-1338","page","type-page","status-publish","hentry"],"yoast_head":"<!-- This site is optimized with the Yoast SEO plugin v28.3 - https:\/\/yoast.com\/product\/yoast-seo-wordpress\/ -->\n<title>Escuela - Ayto. Xal\u00f3<\/title>\n<meta name=\"robots\" content=\"index, follow, max-snippet:-1, max-image-preview:large, max-video-preview:-1\" \/>\n<link rel=\"canonical\" href=\"https:\/\/www.xalo.org\/el-ayuntamiento\/regidories\/educacio\/escola\/\" \/>\n<meta property=\"og:locale\" content=\"es_ES\" \/>\n<meta property=\"og:type\" content=\"article\" \/>\n<meta property=\"og:title\" content=\"[:va]Escola[:es]Escuela[:en]School[:] - Ayto. Xal\u00f3\" \/>\n<meta property=\"og:description\" content=\"Plan de convivencia Descarga el plan de convivencia. Comedor Convocatoria de ayuda asistencial de comedor. Empresa: Jaluje S.L. Escola matinera Horari de 8 a 9 hores. Monitora: Maricela Ordines Fullana Informaci\u00f3n Escola matinera Inscripcio\u0301n Escola matinera Proyecto de extraescolares del ayuntamiento Horario de 15:30 a 16:30 horas. PSICOMOTRICIDAD Roser Avell\u00e0 Leida MULTESPORT Yovana D\u00edaz Valero [&hellip;]\" \/>\n<meta property=\"og:url\" content=\"https:\/\/www.xalo.org\/el-ayuntamiento\/regidories\/educacio\/escola\/\" \/>\n<meta property=\"og:site_name\" content=\"Ayto. Xal\u00f3\" \/>\n<meta property=\"article:modified_time\" content=\"2026-03-04T12:24:44+00:00\" \/>\n<meta property=\"og:image\" content=\"https:\/\/www.xalo.org\/wp-content\/uploads\/2023\/06\/versio-alineada-esq-blau.jpg\" \/>\n\t<meta property=\"og:image:width\" content=\"1781\" \/>\n\t<meta property=\"og:image:height\" content=\"615\" \/>\n\t<meta property=\"og:image:type\" content=\"image\/jpeg\" \/>\n<meta name=\"twitter:card\" content=\"summary_large_image\" \/>\n<meta name=\"twitter:label1\" content=\"Tiempo de lectura\" \/>\n\t<meta name=\"twitter:data1\" content=\"2 minutos\" \/>\n<script type=\"application\/ld+json\" class=\"yoast-schema-graph\">{\"@context\":\"https:\\\/\\\/schema.org\",\"@graph\":[{\"@type\":\"WebPage\",\"@id\":\"https:\\\/\\\/www.xalo.org\\\/el-ayuntamiento\\\/regidories\\\/educacio\\\/escola\\\/\",\"url\":\"https:\\\/\\\/www.xalo.org\\\/el-ayuntamiento\\\/regidories\\\/educacio\\\/escola\\\/\",\"name\":\"[:va]Escola[:es]Escuela[:en]School[:] - Ayto. Xal\u00f3\",\"isPartOf\":{\"@id\":\"https:\\\/\\\/www.xalo.org\\\/#website\"},\"datePublished\":\"2015-12-29T17:15:59+00:00\",\"dateModified\":\"2026-03-04T12:24:44+00:00\",\"breadcrumb\":{\"@id\":\"https:\\\/\\\/www.xalo.org\\\/el-ayuntamiento\\\/regidories\\\/educacio\\\/escola\\\/#breadcrumb\"},\"inLanguage\":\"es\",\"potentialAction\":[{\"@type\":\"ReadAction\",\"target\":[\"https:\\\/\\\/www.xalo.org\\\/el-ayuntamiento\\\/regidories\\\/educacio\\\/escola\\\/\"]}]},{\"@type\":\"BreadcrumbList\",\"@id\":\"https:\\\/\\\/www.xalo.org\\\/el-ayuntamiento\\\/regidories\\\/educacio\\\/escola\\\/#breadcrumb\",\"itemListElement\":[{\"@type\":\"ListItem\",\"position\":1,\"name\":\"Home\",\"item\":\"https:\\\/\\\/www.xalo.org\\\/\"},{\"@type\":\"ListItem\",\"position\":2,\"name\":\"El Ayuntamiento\",\"item\":\"https:\\\/\\\/www.xalo.org\\\/es\\\/el-ayuntamiento\\\/\"},{\"@type\":\"ListItem\",\"position\":3,\"name\":\"Concejal\u00edas\",\"item\":\"https:\\\/\\\/www.xalo.org\\\/el-ayuntamiento\\\/regidories\\\/\"},{\"@type\":\"ListItem\",\"position\":4,\"name\":\"Educaci\u00f3 i Inf\u00e0ncia\",\"item\":\"https:\\\/\\\/www.xalo.org\\\/el-ayuntamiento\\\/regidories\\\/educacio\\\/\"},{\"@type\":\"ListItem\",\"position\":5,\"name\":\"Escola\"}]},{\"@type\":\"WebSite\",\"@id\":\"https:\\\/\\\/www.xalo.org\\\/#website\",\"url\":\"https:\\\/\\\/www.xalo.org\\\/\",\"name\":\"Ajuntament de Xalo\",\"description\":\"(Valenci\u00e0) Ajuntament de Xal\u00f3\",\"publisher\":{\"@id\":\"https:\\\/\\\/www.xalo.org\\\/#organization\"},\"potentialAction\":[{\"@type\":\"SearchAction\",\"target\":{\"@type\":\"EntryPoint\",\"urlTemplate\":\"https:\\\/\\\/www.xalo.org\\\/?s={search_term_string}\"},\"query-input\":{\"@type\":\"PropertyValueSpecification\",\"valueRequired\":true,\"valueName\":\"search_term_string\"}}],\"inLanguage\":\"es\"},{\"@type\":\"Organization\",\"@id\":\"https:\\\/\\\/www.xalo.org\\\/#organization\",\"name\":\"Ajuntament de Xalo\",\"url\":\"https:\\\/\\\/www.xalo.org\\\/\",\"logo\":{\"@type\":\"ImageObject\",\"inLanguage\":\"es\",\"@id\":\"https:\\\/\\\/www.xalo.org\\\/#\\\/schema\\\/logo\\\/image\\\/\",\"url\":\"https:\\\/\\\/www.xalo.org\\\/wp-content\\\/uploads\\\/2015\\\/12\\\/logo.png\",\"contentUrl\":\"https:\\\/\\\/www.xalo.org\\\/wp-content\\\/uploads\\\/2015\\\/12\\\/logo.png\",\"width\":180,\"height\":172,\"caption\":\"Ajuntament de Xalo\"},\"image\":{\"@id\":\"https:\\\/\\\/www.xalo.org\\\/#\\\/schema\\\/logo\\\/image\\\/\"}}]}<\/script>\n<!-- \/ Yoast SEO plugin. -->","yoast_head_json":{"title":"[:va]Escola[:es]Escuela[:en]School[:] - Ayto. Xal\u00f3","robots":{"index":"index","follow":"follow","max-snippet":"max-snippet:-1","max-image-preview":"max-image-preview:large","max-video-preview":"max-video-preview:-1"},"canonical":"https:\/\/www.xalo.org\/el-ayuntamiento\/regidories\/educacio\/escola\/","og_locale":"es_ES","og_type":"article","og_title":"[:va]Escola[:es]Escuela[:en]School[:] - Ayto. Xal\u00f3","og_description":"Plan de convivencia Descarga el plan de convivencia. Comedor Convocatoria de ayuda asistencial de comedor. Empresa: Jaluje S.L. Escola matinera Horari de 8 a 9 hores. Monitora: Maricela Ordines Fullana Informaci\u00f3n Escola matinera Inscripcio\u0301n Escola matinera Proyecto de extraescolares del ayuntamiento Horario de 15:30 a 16:30 horas. PSICOMOTRICIDAD Roser Avell\u00e0 Leida MULTESPORT Yovana D\u00edaz Valero [&hellip;]","og_url":"https:\/\/www.xalo.org\/el-ayuntamiento\/regidories\/educacio\/escola\/","og_site_name":"Ayto. Xal\u00f3","article_modified_time":"2026-03-04T12:24:44+00:00","og_image":[{"width":1781,"height":615,"url":"https:\/\/www.xalo.org\/wp-content\/uploads\/2023\/06\/versio-alineada-esq-blau.jpg","type":"image\/jpeg"}],"twitter_card":"summary_large_image","twitter_misc":{"Tiempo de lectura":"2 minutos"},"schema":{"@context":"https:\/\/schema.org","@graph":[{"@type":"WebPage","@id":"https:\/\/www.xalo.org\/el-ayuntamiento\/regidories\/educacio\/escola\/","url":"https:\/\/www.xalo.org\/el-ayuntamiento\/regidories\/educacio\/escola\/","name":"[:va]Escola[:es]Escuela[:en]School[:] - Ayto. Xal\u00f3","isPartOf":{"@id":"https:\/\/www.xalo.org\/#website"},"datePublished":"2015-12-29T17:15:59+00:00","dateModified":"2026-03-04T12:24:44+00:00","breadcrumb":{"@id":"https:\/\/www.xalo.org\/el-ayuntamiento\/regidories\/educacio\/escola\/#breadcrumb"},"inLanguage":"es","potentialAction":[{"@type":"ReadAction","target":["https:\/\/www.xalo.org\/el-ayuntamiento\/regidories\/educacio\/escola\/"]}]},{"@type":"BreadcrumbList","@id":"https:\/\/www.xalo.org\/el-ayuntamiento\/regidories\/educacio\/escola\/#breadcrumb","itemListElement":[{"@type":"ListItem","position":1,"name":"Home","item":"https:\/\/www.xalo.org\/"},{"@type":"ListItem","position":2,"name":"El Ayuntamiento","item":"https:\/\/www.xalo.org\/es\/el-ayuntamiento\/"},{"@type":"ListItem","position":3,"name":"Concejal\u00edas","item":"https:\/\/www.xalo.org\/el-ayuntamiento\/regidories\/"},{"@type":"ListItem","position":4,"name":"Educaci\u00f3 i Inf\u00e0ncia","item":"https:\/\/www.xalo.org\/el-ayuntamiento\/regidories\/educacio\/"},{"@type":"ListItem","position":5,"name":"Escola"}]},{"@type":"WebSite","@id":"https:\/\/www.xalo.org\/#website","url":"https:\/\/www.xalo.org\/","name":"Ajuntament de Xalo","description":"(Valenci\u00e0) Ajuntament de Xal\u00f3","publisher":{"@id":"https:\/\/www.xalo.org\/#organization"},"potentialAction":[{"@type":"SearchAction","target":{"@type":"EntryPoint","urlTemplate":"https:\/\/www.xalo.org\/?s={search_term_string}"},"query-input":{"@type":"PropertyValueSpecification","valueRequired":true,"valueName":"search_term_string"}}],"inLanguage":"es"},{"@type":"Organization","@id":"https:\/\/www.xalo.org\/#organization","name":"Ajuntament de Xalo","url":"https:\/\/www.xalo.org\/","logo":{"@type":"ImageObject","inLanguage":"es","@id":"https:\/\/www.xalo.org\/#\/schema\/logo\/image\/","url":"https:\/\/www.xalo.org\/wp-content\/uploads\/2015\/12\/logo.png","contentUrl":"https:\/\/www.xalo.org\/wp-content\/uploads\/2015\/12\/logo.png","width":180,"height":172,"caption":"Ajuntament de Xalo"},"image":{"@id":"https:\/\/www.xalo.org\/#\/schema\/logo\/image\/"}}]}},"_links":{"self":[{"href":"https:\/\/www.xalo.org\/es\/wp-json\/wp\/v2\/pages\/1338","targetHints":{"allow":["GET"]}}],"collection":[{"href":"https:\/\/www.xalo.org\/es\/wp-json\/wp\/v2\/pages"}],"about":[{"href":"https:\/\/www.xalo.org\/es\/wp-json\/wp\/v2\/types\/page"}],"author":[{"embeddable":true,"href":"https:\/\/www.xalo.org\/es\/wp-json\/wp\/v2\/users\/1"}],"replies":[{"embeddable":true,"href":"https:\/\/www.xalo.org\/es\/wp-json\/wp\/v2\/comments?post=1338"}],"version-history":[{"count":0,"href":"https:\/\/www.xalo.org\/es\/wp-json\/wp\/v2\/pages\/1338\/revisions"}],"up":[{"embeddable":true,"href":"https:\/\/www.xalo.org\/es\/wp-json\/wp\/v2\/pages\/758"}],"wp:attachment":[{"href":"https:\/\/www.xalo.org\/es\/wp-json\/wp\/v2\/media?parent=1338"}],"curies":[{"name":"wp","href":"https:\/\/api.w.org\/{rel}","templated":true}]}}

<p></p>
<h1>Plan de convivencia</h1>
<p>Descarga el <a href="https://www.xalo.org/wp-content/uploads/2025/02/pla_de_convivencia-CEIP-SERRA-DE-BERNIA.pdf">plan de convivencia.</a></p>
<h1>Comedor</h1>
<ul>
<li><a href="https://www.docv.gva.es/datos/2015/06/19/pdf/2015_5843.pdf">Convocatoria de ayuda asistencial de comedor.</a></li>
<li>Empresa: Jaluje S.L.</li>
</ul>
<h1>Escola matinera</h1>
<p>Horari de 8 a 9 hores.</p>
<p>Monitora: Maricela Ordines Fullana</p>
<p data-pm-slice="1 1 []"><a href="https://www.xalo.org/wp-content/uploads/2025/09/Matinera-2025-26.pdf">Información Escola matinera</a></p>
<p data-pm-slice="1 1 []"><a href="https://www.xalo.org/wp-content/uploads/2025/09/Inscripcio-Matinera.pdf">Inscripción Escola matinera</a></p>
<h1>Proyecto de extraescolares del ayuntamiento</h1>
<p>Horario de 15:30 a 16:30 horas.</p>
<p><strong>PSICOMOTRICIDAD</strong></p>
<p>Roser Avellà Leida</p>
<p><strong>MULTESPORT</strong></p>
<p>Yovana Díaz Valero y Carles Cambronero Font</p>
<p><strong>COLOMBICULTURA</strong></p>
<p>Asociación de la paloma</p>
<p><strong>BATUCADA</strong></p>
<p>Joan Pedrós Moll</p>
<p><strong>MÚSICA Y MOVIMIENTO</strong></p>
<p>Maria Esteve Lill</p>
<h1>Contacta</h1>
<p><strong>CEIP SERRA DE BÈRNIA</strong></p>
<ul>
<li>Dirección: Camí Cementeri, 12 &#8211; 03727 Xaló.</li>
<li>Teléfono: 96 573 90 28</li>
<li>email: <a href="mailto:03006189@edu.gva.es" target="_blank" rel="noopener noreferrer nofollow">03006189@edu.gva.es</a></li>
<li>Web escuela:<a href="https://portal.edu.gva.es/ceipserradebernia/"> https://portal.edu.gva.es/ceipserradebernia/ </a></li>
<li>Telegram: <a href="https://t.me/+3XNE_HheXyYwNTk0">https://t.me/+3XNE_HheXyYwNTk0</a></li>
</ul>
<p>&nbsp;</p>

<p>Plan de convivencia Descarga el plan de convivencia. Comedor Convocatoria de ayuda asistencial de comedor. Empresa: Jaluje S.L. Escola matinera Horari de 8 a 9 hores. Monitora: Maricela Ordines Fullana Información Escola matinera Inscripción Escola matinera Proyecto de extraescolares del ayuntamiento Horario de 15:30 a 16:30 horas. PSICOMOTRICIDAD Roser Avellà Leida MULTESPORT Yovana Díaz Valero [&hellip;]</p>

<!-- This site is optimized with the Yoast SEO plugin v28.3 - https://yoast.com/product/yoast-seo-wordpress/ -->
<title>Escuela - Ayto. Xaló</title>
<meta name="robots" content="index, follow, max-snippet:-1, max-image-preview:large, max-video-preview:-1" />
<link rel="canonical" href="https://www.xalo.org/el-ayuntamiento/regidories/educacio/escola/" />
<meta property="og:locale" content="es_ES" />
<meta property="og:type" content="article" />
<meta property="og:title" content="[:va]Escola[:es]Escuela[:en]School[:] - Ayto. Xaló" />
<meta property="og:description" content="Plan de convivencia Descarga el plan de convivencia. Comedor Convocatoria de ayuda asistencial de comedor. Empresa: Jaluje S.L. Escola matinera Horari de 8 a 9 hores. Monitora: Maricela Ordines Fullana Información Escola matinera Inscripción Escola matinera Proyecto de extraescolares del ayuntamiento Horario de 15:30 a 16:30 horas. PSICOMOTRICIDAD Roser Avellà Leida MULTESPORT Yovana Díaz Valero [&hellip;]" />
<meta property="og:url" content="https://www.xalo.org/el-ayuntamiento/regidories/educacio/escola/" />
<meta property="og:site_name" content="Ayto. Xaló" />
<meta property="article:modified_time" content="2026-03-04T12:24:44+00:00" />
<meta property="og:image" content="https://www.xalo.org/wp-content/uploads/2023/06/versio-alineada-esq-blau.jpg" />
	<meta property="og:image:width" content="1781" />
	<meta property="og:image:height" content="615" />
	<meta property="og:image:type" content="image/jpeg" />
<meta name="twitter:card" content="summary_large_image" />
<meta name="twitter:label1" content="Tiempo de lectura" />
	<meta name="twitter:data1" content="2 minutos" />
<script type="application/ld+json" class="yoast-schema-graph">{"@context":"https:\/\/schema.org","@graph":[{"@type":"WebPage","@id":"https:\/\/www.xalo.org\/el-ayuntamiento\/regidories\/educacio\/escola\/","url":"https:\/\/www.xalo.org\/el-ayuntamiento\/regidories\/educacio\/escola\/","name":"[:va]Escola[:es]Escuela[:en]School[:] - Ayto. Xaló","isPartOf":{"@id":"https:\/\/www.xalo.org\/#website"},"datePublished":"2015-12-29T17:15:59+00:00","dateModified":"2026-03-04T12:24:44+00:00","breadcrumb":{"@id":"https:\/\/www.xalo.org\/el-ayuntamiento\/regidories\/educacio\/escola\/#breadcrumb"},"inLanguage":"es","potentialAction":[{"@type":"ReadAction","target":["https:\/\/www.xalo.org\/el-ayuntamiento\/regidories\/educacio\/escola\/"]}]},{"@type":"BreadcrumbList","@id":"https:\/\/www.xalo.org\/el-ayuntamiento\/regidories\/educacio\/escola\/#breadcrumb","itemListElement":[{"@type":"ListItem","position":1,"name":"Home","item":"https:\/\/www.xalo.org\/"},{"@type":"ListItem","position":2,"name":"El Ayuntamiento","item":"https:\/\/www.xalo.org\/es\/el-ayuntamiento\/"},{"@type":"ListItem","position":3,"name":"Concejalías","item":"https:\/\/www.xalo.org\/el-ayuntamiento\/regidories\/"},{"@type":"ListItem","position":4,"name":"Educació i Infància","item":"https:\/\/www.xalo.org\/el-ayuntamiento\/regidories\/educacio\/"},{"@type":"ListItem","position":5,"name":"Escola"}]},{"@type":"WebSite","@id":"https:\/\/www.xalo.org\/#website","url":"https:\/\/www.xalo.org\/","name":"Ajuntament de Xalo","description":"(Valencià) Ajuntament de Xaló","publisher":{"@id":"https:\/\/www.xalo.org\/#organization"},"potentialAction":[{"@type":"SearchAction","target":{"@type":"EntryPoint","urlTemplate":"https:\/\/www.xalo.org\/?s={search_term_string}"},"query-input":{"@type":"PropertyValueSpecification","valueRequired":true,"valueName":"search_term_string"}}],"inLanguage":"es"},{"@type":"Organization","@id":"https:\/\/www.xalo.org\/#organization","name":"Ajuntament de Xalo","url":"https:\/\/www.xalo.org\/","logo":{"@type":"ImageObject","inLanguage":"es","@id":"https:\/\/www.xalo.org\/#\/schema\/logo\/image\/","url":"https:\/\/www.xalo.org\/wp-content\/uploads\/2015\/12\/logo.png","contentUrl":"https:\/\/www.xalo.org\/wp-content\/uploads\/2015\/12\/logo.png","width":180,"height":172,"caption":"Ajuntament de Xalo"},"image":{"@id":"https:\/\/www.xalo.org\/#\/schema\/logo\/image\/"}}]}</script>
<!-- / Yoast SEO plugin. -->

[:va]Escola[:es]Escuela[:en]School[:] - Ayto. Xaló

Plan de convivencia Descarga el plan de convivencia. Comedor Convocatoria de ayuda asistencial de comedor. Empresa: Jaluje S.L. Escola matinera Horari de 8 a 9 hores. Monitora: Maricela Ordines Fullana Información Escola matinera Inscripción Escola matinera Proyecto de extraescolares del ayuntamiento Horario de 15:30 a 16:30 horas. PSICOMOTRICIDAD Roser Avellà Leida MULTESPORT Yovana Díaz Valero [&hellip;]

Ayto. Xaló

Concejalías

Educació i Infància

(Valencià) Ajuntament de Xaló
