{"id":3253,"date":"2018-04-26T09:29:09","date_gmt":"2018-04-26T07:29:09","guid":{"rendered":"https:\/\/www.xalo.org\/?page_id=3253"},"modified":"2018-04-26T10:08:48","modified_gmt":"2018-04-26T08:08:48","slug":"el-vi-de-la-cooperativa-de-la-xalo-protagonista-de-la-celebracio-del-25-dabril-dia-de-les-corts-valencianes","status":"publish","type":"page","link":"https:\/\/www.xalo.org\/es\/el-vi-de-la-cooperativa-de-la-xalo-protagonista-de-la-celebracio-del-25-dabril-dia-de-les-corts-valencianes\/","title":{"rendered":"El vino de la Cooperativa de Xal\u00f3 protagonista de la celebraci\u00f3n del 25 de abril, D\u00eda de las Cortes Valencianas"},"content":{"rendered":"<p><img decoding=\"async\" class=\"aligncenter size-medium wp-image-3255\" src=\"https:\/\/www.xalo.org\/wp-content\/uploads\/2018\/04\/IMG_2441-480x320.jpg\" alt=\"\" width=\"480\" height=\"320\" srcset=\"https:\/\/www.xalo.org\/wp-content\/uploads\/2018\/04\/IMG_2441-480x320.jpg 480w, https:\/\/www.xalo.org\/wp-content\/uploads\/2018\/04\/IMG_2441-1024x682.jpg 1024w, https:\/\/www.xalo.org\/wp-content\/uploads\/2018\/04\/IMG_2441-1080x720.jpg 1080w, https:\/\/www.xalo.org\/wp-content\/uploads\/2018\/04\/IMG_2441.jpg 1600w\" sizes=\"(max-width: 480px) 100vw, 480px\" \/><\/p>\n<p style=\"text-align: center;\"><em>El Alcalde de Xal\u00f3, Joan Miquel Garc\u00e9s, junto al Presidente de la Generalitat, Ximo Puig. <\/em><em>Foto: Cornelia Lekkerkerk.<\/em><\/p>\n<p>Ayer mi\u00e9rcoles 25 de abril se celebr\u00f3 en Valencia el &#8216;D\u00eda de las Cortes Valencianas&#8217;. El &#8216;Alcalde de Xal\u00f3 estuvo presente en el acto institucional, que cont\u00f3 con la presencia del President de la Generalitat, Ximo Puig, la vicepresidenta y Consellera de Igualdad y Pol\u00edticas Inclusivas, M\u00f3nica Oltra, as\u00ed como otros miembros del Consell.<\/p>\n<p><img decoding=\"async\" class=\"aligncenter size-medium wp-image-3256\" src=\"https:\/\/www.xalo.org\/wp-content\/uploads\/2018\/04\/IMG_2417-480x320.jpg\" alt=\"\" width=\"480\" height=\"320\" srcset=\"https:\/\/www.xalo.org\/wp-content\/uploads\/2018\/04\/IMG_2417-480x320.jpg 480w, https:\/\/www.xalo.org\/wp-content\/uploads\/2018\/04\/IMG_2417-1024x684.jpg 1024w, https:\/\/www.xalo.org\/wp-content\/uploads\/2018\/04\/IMG_2417-1080x721.jpg 1080w, https:\/\/www.xalo.org\/wp-content\/uploads\/2018\/04\/IMG_2417.jpg 1600w\" sizes=\"(max-width: 480px) 100vw, 480px\" \/><\/p>\n<p><em>El Alcalde de Xal\u00f3, Joan Miquel Garc\u00e9s, junto a la Vicepresidenta de la Generalitat, M\u00f3nica Oltra. <\/em><em>Foto: Cornelia Lekkerkerk.<\/em><\/p>\n<p>El acto institucional incluy\u00f3 una cata de vinos de la Bodega Cooperativa de Xal\u00f3 donde los asistentes pudieron disfrutar del blanco Bahia de D\u00e9nia. Os dejamos algunas im\u00e1genes del evento.<\/p>\n<p><img decoding=\"async\" class=\"aligncenter size-medium wp-image-3263\" src=\"https:\/\/www.xalo.org\/wp-content\/uploads\/2018\/04\/IMG_2402-480x320.jpg\" alt=\"\" width=\"480\" height=\"320\" srcset=\"https:\/\/www.xalo.org\/wp-content\/uploads\/2018\/04\/IMG_2402-480x320.jpg 480w, https:\/\/www.xalo.org\/wp-content\/uploads\/2018\/04\/IMG_2402-1024x683.jpg 1024w, https:\/\/www.xalo.org\/wp-content\/uploads\/2018\/04\/IMG_2402-1080x720.jpg 1080w, https:\/\/www.xalo.org\/wp-content\/uploads\/2018\/04\/IMG_2402.jpg 1600w\" sizes=\"(max-width: 480px) 100vw, 480px\" \/><\/p>\n<p><em>L&#8217;alcalde de Xal\u00f3, Joan Miquel Garc\u00e9s, junt a Enric Morera, President de les Corts i . <\/em><em>Foto: Cornelia Lekkerkerk.<\/em><\/p>\n<p><img decoding=\"async\" class=\"aligncenter size-medium wp-image-3258\" src=\"https:\/\/www.xalo.org\/wp-content\/uploads\/2018\/04\/IMG_2408-480x320.jpg\" alt=\"\" width=\"480\" height=\"320\" srcset=\"https:\/\/www.xalo.org\/wp-content\/uploads\/2018\/04\/IMG_2408-480x320.jpg 480w, https:\/\/www.xalo.org\/wp-content\/uploads\/2018\/04\/IMG_2408-1024x683.jpg 1024w, https:\/\/www.xalo.org\/wp-content\/uploads\/2018\/04\/IMG_2408-1080x720.jpg 1080w, https:\/\/www.xalo.org\/wp-content\/uploads\/2018\/04\/IMG_2408.jpg 1600w\" sizes=\"(max-width: 480px) 100vw, 480px\" \/><em>L&#8217;Alcalde de Xal\u00f3, Joan Miquel Garc\u00e9s, junt al Conseller d&#8217;Economia, Rafa Climent. <\/em><em>Foto: Cornelia Lekkerkerk.<\/em><\/p>\n<p><img decoding=\"async\" class=\"aligncenter size-medium wp-image-3262\" src=\"https:\/\/www.xalo.org\/wp-content\/uploads\/2018\/04\/IMG_2403-480x320.jpg\" alt=\"\" width=\"480\" height=\"320\" srcset=\"https:\/\/www.xalo.org\/wp-content\/uploads\/2018\/04\/IMG_2403-480x320.jpg 480w, https:\/\/www.xalo.org\/wp-content\/uploads\/2018\/04\/IMG_2403-1024x682.jpg 1024w, https:\/\/www.xalo.org\/wp-content\/uploads\/2018\/04\/IMG_2403-1080x720.jpg 1080w, https:\/\/www.xalo.org\/wp-content\/uploads\/2018\/04\/IMG_2403.jpg 1600w\" sizes=\"(max-width: 480px) 100vw, 480px\" \/><em>L&#8217;Alcalde de Xal\u00f3, Joan Miquel Garc\u00e9s, junt al Portaveu de Comprom\u00eds a les Corts, Fran Ferri. <\/em><em>Foto: Cornelia Lekkerkerk.<\/em><\/p>\n<p><img decoding=\"async\" class=\"size-medium wp-image-3259 aligncenter\" src=\"https:\/\/www.xalo.org\/wp-content\/uploads\/2018\/04\/IMG_2415-480x320.jpg\" alt=\"\" width=\"480\" height=\"320\" srcset=\"https:\/\/www.xalo.org\/wp-content\/uploads\/2018\/04\/IMG_2415-480x320.jpg 480w, https:\/\/www.xalo.org\/wp-content\/uploads\/2018\/04\/IMG_2415-1024x683.jpg 1024w, https:\/\/www.xalo.org\/wp-content\/uploads\/2018\/04\/IMG_2415-1080x720.jpg 1080w, https:\/\/www.xalo.org\/wp-content\/uploads\/2018\/04\/IMG_2415.jpg 1600w\" sizes=\"(max-width: 480px) 100vw, 480px\" \/><em>Mostra de l&#8217;entrada al pati de les Corts. <\/em><em>Foto: Cornelia Lekkerkerk.<\/em><\/p>\n<p><img decoding=\"async\" class=\"aligncenter size-medium wp-image-3260\" src=\"https:\/\/www.xalo.org\/wp-content\/uploads\/2018\/04\/IMG_2436-480x320.jpg\" alt=\"\" width=\"480\" height=\"320\" srcset=\"https:\/\/www.xalo.org\/wp-content\/uploads\/2018\/04\/IMG_2436-480x320.jpg 480w, https:\/\/www.xalo.org\/wp-content\/uploads\/2018\/04\/IMG_2436-1024x683.jpg 1024w, https:\/\/www.xalo.org\/wp-content\/uploads\/2018\/04\/IMG_2436-1080x720.jpg 1080w, https:\/\/www.xalo.org\/wp-content\/uploads\/2018\/04\/IMG_2436.jpg 1600w\" sizes=\"(max-width: 480px) 100vw, 480px\" \/><em>Mostra del pati de les Corts. Foto: Cornelia Lekkerkerk.<img decoding=\"async\" class=\"aligncenter size-medium wp-image-3261\" src=\"https:\/\/www.xalo.org\/wp-content\/uploads\/2018\/04\/IMG_2439-480x320.jpg\" alt=\"\" width=\"480\" height=\"320\" srcset=\"https:\/\/www.xalo.org\/wp-content\/uploads\/2018\/04\/IMG_2439-480x320.jpg 480w, https:\/\/www.xalo.org\/wp-content\/uploads\/2018\/04\/IMG_2439-1024x683.jpg 1024w, https:\/\/www.xalo.org\/wp-content\/uploads\/2018\/04\/IMG_2439-1080x720.jpg 1080w, https:\/\/www.xalo.org\/wp-content\/uploads\/2018\/04\/IMG_2439.jpg 1600w\" sizes=\"(max-width: 480px) 100vw, 480px\" \/><\/em><em>Mostra de l&#8217;entrada al pati de les Corts. Foto: Cornelia Lekkerkerk.<\/em><\/p>\n<p><strong>\u00a0<\/strong><\/p>","protected":false},"excerpt":{"rendered":"<p>El Alcalde de Xal\u00f3, Joan Miquel Garc\u00e9s, junto al Presidente de la Generalitat, Ximo Puig. Foto: Cornelia Lekkerkerk. Ayer mi\u00e9rcoles 25 de abril se celebr\u00f3 en Valencia el &#8216;D\u00eda de las Cortes Valencianas&#8217;. El &#8216;Alcalde de Xal\u00f3 estuvo presente en el acto institucional, que cont\u00f3 con la presencia del President de la Generalitat, Ximo Puig, [&hellip;]<\/p>\n","protected":false},"author":1,"featured_media":3254,"parent":0,"menu_order":0,"comment_status":"closed","ping_status":"closed","template":"","meta":{"_et_pb_use_builder":"","_et_pb_old_content":"","_et_gb_content_width":"","footnotes":""},"class_list":["post-3253","page","type-page","status-publish","has-post-thumbnail","hentry"],"aioseo_notices":[],"_links":{"self":[{"href":"https:\/\/www.xalo.org\/es\/wp-json\/wp\/v2\/pages\/3253","targetHints":{"allow":["GET"]}}],"collection":[{"href":"https:\/\/www.xalo.org\/es\/wp-json\/wp\/v2\/pages"}],"about":[{"href":"https:\/\/www.xalo.org\/es\/wp-json\/wp\/v2\/types\/page"}],"author":[{"embeddable":true,"href":"https:\/\/www.xalo.org\/es\/wp-json\/wp\/v2\/users\/1"}],"replies":[{"embeddable":true,"href":"https:\/\/www.xalo.org\/es\/wp-json\/wp\/v2\/comments?post=3253"}],"version-history":[{"count":0,"href":"https:\/\/www.xalo.org\/es\/wp-json\/wp\/v2\/pages\/3253\/revisions"}],"wp:featuredmedia":[{"embeddable":true,"href":"https:\/\/www.xalo.org\/es\/wp-json\/wp\/v2\/media\/3254"}],"wp:attachment":[{"href":"https:\/\/www.xalo.org\/es\/wp-json\/wp\/v2\/media?parent=3253"}],"curies":[{"name":"wp","href":"https:\/\/api.w.org\/{rel}","templated":true}]}}

El vino de la Cooperativa de Xaló protagonista de la celebración del 25 de abril, Día de las Cortes Valencianas

<p><img decoding="async" class="aligncenter size-medium wp-image-3255" src="https://www.xalo.org/wp-content/uploads/2018/04/IMG_2441-480x320.jpg" alt="" width="480" height="320" srcset="https://www.xalo.org/wp-content/uploads/2018/04/IMG_2441-480x320.jpg 480w, https://www.xalo.org/wp-content/uploads/2018/04/IMG_2441-1024x682.jpg 1024w, https://www.xalo.org/wp-content/uploads/2018/04/IMG_2441-1080x720.jpg 1080w, https://www.xalo.org/wp-content/uploads/2018/04/IMG_2441.jpg 1600w" sizes="(max-width: 480px) 100vw, 480px" /></p>
<p style="text-align: center;"><em>El Alcalde de Xaló, Joan Miquel Garcés, junto al Presidente de la Generalitat, Ximo Puig. </em><em>Foto: Cornelia Lekkerkerk.</em></p>
<p>Ayer miércoles 25 de abril se celebró en Valencia el &#8216;Día de las Cortes Valencianas&#8217;. El &#8216;Alcalde de Xaló estuvo presente en el acto institucional, que contó con la presencia del President de la Generalitat, Ximo Puig, la vicepresidenta y Consellera de Igualdad y Políticas Inclusivas, Mónica Oltra, así como otros miembros del Consell.</p>
<p><img decoding="async" class="aligncenter size-medium wp-image-3256" src="https://www.xalo.org/wp-content/uploads/2018/04/IMG_2417-480x320.jpg" alt="" width="480" height="320" srcset="https://www.xalo.org/wp-content/uploads/2018/04/IMG_2417-480x320.jpg 480w, https://www.xalo.org/wp-content/uploads/2018/04/IMG_2417-1024x684.jpg 1024w, https://www.xalo.org/wp-content/uploads/2018/04/IMG_2417-1080x721.jpg 1080w, https://www.xalo.org/wp-content/uploads/2018/04/IMG_2417.jpg 1600w" sizes="(max-width: 480px) 100vw, 480px" /></p>
<p><em>El Alcalde de Xaló, Joan Miquel Garcés, junto a la Vicepresidenta de la Generalitat, Mónica Oltra. </em><em>Foto: Cornelia Lekkerkerk.</em></p>
<p>El acto institucional incluyó una cata de vinos de la Bodega Cooperativa de Xaló donde los asistentes pudieron disfrutar del blanco Bahia de Dénia. Os dejamos algunas imágenes del evento.</p>
<p><img decoding="async" class="aligncenter size-medium wp-image-3263" src="https://www.xalo.org/wp-content/uploads/2018/04/IMG_2402-480x320.jpg" alt="" width="480" height="320" srcset="https://www.xalo.org/wp-content/uploads/2018/04/IMG_2402-480x320.jpg 480w, https://www.xalo.org/wp-content/uploads/2018/04/IMG_2402-1024x683.jpg 1024w, https://www.xalo.org/wp-content/uploads/2018/04/IMG_2402-1080x720.jpg 1080w, https://www.xalo.org/wp-content/uploads/2018/04/IMG_2402.jpg 1600w" sizes="(max-width: 480px) 100vw, 480px" /></p>
<p><em>L&#8217;alcalde de Xaló, Joan Miquel Garcés, junt a Enric Morera, President de les Corts i . </em><em>Foto: Cornelia Lekkerkerk.</em></p>
<p><img decoding="async" class="aligncenter size-medium wp-image-3258" src="https://www.xalo.org/wp-content/uploads/2018/04/IMG_2408-480x320.jpg" alt="" width="480" height="320" srcset="https://www.xalo.org/wp-content/uploads/2018/04/IMG_2408-480x320.jpg 480w, https://www.xalo.org/wp-content/uploads/2018/04/IMG_2408-1024x683.jpg 1024w, https://www.xalo.org/wp-content/uploads/2018/04/IMG_2408-1080x720.jpg 1080w, https://www.xalo.org/wp-content/uploads/2018/04/IMG_2408.jpg 1600w" sizes="(max-width: 480px) 100vw, 480px" /><em>L&#8217;Alcalde de Xaló, Joan Miquel Garcés, junt al Conseller d&#8217;Economia, Rafa Climent. </em><em>Foto: Cornelia Lekkerkerk.</em></p>
<p><img decoding="async" class="aligncenter size-medium wp-image-3262" src="https://www.xalo.org/wp-content/uploads/2018/04/IMG_2403-480x320.jpg" alt="" width="480" height="320" srcset="https://www.xalo.org/wp-content/uploads/2018/04/IMG_2403-480x320.jpg 480w, https://www.xalo.org/wp-content/uploads/2018/04/IMG_2403-1024x682.jpg 1024w, https://www.xalo.org/wp-content/uploads/2018/04/IMG_2403-1080x720.jpg 1080w, https://www.xalo.org/wp-content/uploads/2018/04/IMG_2403.jpg 1600w" sizes="(max-width: 480px) 100vw, 480px" /><em>L&#8217;Alcalde de Xaló, Joan Miquel Garcés, junt al Portaveu de Compromís a les Corts, Fran Ferri. </em><em>Foto: Cornelia Lekkerkerk.</em></p>
<p><img decoding="async" class="size-medium wp-image-3259 aligncenter" src="https://www.xalo.org/wp-content/uploads/2018/04/IMG_2415-480x320.jpg" alt="" width="480" height="320" srcset="https://www.xalo.org/wp-content/uploads/2018/04/IMG_2415-480x320.jpg 480w, https://www.xalo.org/wp-content/uploads/2018/04/IMG_2415-1024x683.jpg 1024w, https://www.xalo.org/wp-content/uploads/2018/04/IMG_2415-1080x720.jpg 1080w, https://www.xalo.org/wp-content/uploads/2018/04/IMG_2415.jpg 1600w" sizes="(max-width: 480px) 100vw, 480px" /><em>Mostra de l&#8217;entrada al pati de les Corts. </em><em>Foto: Cornelia Lekkerkerk.</em></p>
<p><img decoding="async" class="aligncenter size-medium wp-image-3260" src="https://www.xalo.org/wp-content/uploads/2018/04/IMG_2436-480x320.jpg" alt="" width="480" height="320" srcset="https://www.xalo.org/wp-content/uploads/2018/04/IMG_2436-480x320.jpg 480w, https://www.xalo.org/wp-content/uploads/2018/04/IMG_2436-1024x683.jpg 1024w, https://www.xalo.org/wp-content/uploads/2018/04/IMG_2436-1080x720.jpg 1080w, https://www.xalo.org/wp-content/uploads/2018/04/IMG_2436.jpg 1600w" sizes="(max-width: 480px) 100vw, 480px" /><em>Mostra del pati de les Corts. Foto: Cornelia Lekkerkerk.<img decoding="async" class="aligncenter size-medium wp-image-3261" src="https://www.xalo.org/wp-content/uploads/2018/04/IMG_2439-480x320.jpg" alt="" width="480" height="320" srcset="https://www.xalo.org/wp-content/uploads/2018/04/IMG_2439-480x320.jpg 480w, https://www.xalo.org/wp-content/uploads/2018/04/IMG_2439-1024x683.jpg 1024w, https://www.xalo.org/wp-content/uploads/2018/04/IMG_2439-1080x720.jpg 1080w, https://www.xalo.org/wp-content/uploads/2018/04/IMG_2439.jpg 1600w" sizes="(max-width: 480px) 100vw, 480px" /></em><em>Mostra de l&#8217;entrada al pati de les Corts. Foto: Cornelia Lekkerkerk.</em></p>
<p><strong> </strong></p>

<p>El Alcalde de Xaló, Joan Miquel Garcés, junto al Presidente de la Generalitat, Ximo Puig. Foto: Cornelia Lekkerkerk. Ayer miércoles 25 de abril se celebró en Valencia el &#8216;Día de las Cortes Valencianas&#8217;. El &#8216;Alcalde de Xaló estuvo presente en el acto institucional, que contó con la presencia del President de la Generalitat, Ximo Puig, [&hellip;]</p>
