{"id":3632,"date":"2018-10-10T11:55:41","date_gmt":"2018-10-10T09:55:41","guid":{"rendered":"https:\/\/www.xalo.org\/?page_id=3632"},"modified":"2018-10-30T22:48:37","modified_gmt":"2018-10-30T21:48:37","slug":"berniafest","status":"publish","type":"page","link":"https:\/\/www.xalo.org\/es\/berniafest\/","title":{"rendered":"B\u00e8rniaFest &#8211; 3 y 4 noviembre 2018"},"content":{"rendered":"<p><img decoding=\"async\" class=\"aligncenter size-medium wp-image-3640\" src=\"https:\/\/www.xalo.org\/wp-content\/uploads\/2018\/10\/df0f4037-8bb0-418a-9840-a128ebdec19f1-342x480.jpg\" alt=\"\" width=\"342\" height=\"480\" srcset=\"https:\/\/www.xalo.org\/wp-content\/uploads\/2018\/10\/df0f4037-8bb0-418a-9840-a128ebdec19f1-342x480.jpg 342w, https:\/\/www.xalo.org\/wp-content\/uploads\/2018\/10\/df0f4037-8bb0-418a-9840-a128ebdec19f1-729x1024.jpg 729w, https:\/\/www.xalo.org\/wp-content\/uploads\/2018\/10\/df0f4037-8bb0-418a-9840-a128ebdec19f1.jpg 946w\" sizes=\"(max-width: 342px) 100vw, 342px\" \/><\/p>\n<p><strong>NUEVA PROPUESTA DE INNOVACI\u00d3N COMERCIAL Y TUR\u00cdSTICA EN XAL\u00d3<\/strong><\/p>\n<p>XAL\u00d3 CELEBRA LA PRIMERA EDICIO\u0301N DEL B\u00c8RNIAFEST, UN FIN DE SEMANA PARA DISFRUTAR DE LA MONTA\u00d1A EN EL MARCO DEL B\u00c8RNIA MOSCATELL TRAIL<\/p>\n<p>En 2012 Xal\u00f3 activ\u00f3 un nuevo concepto de feria comercial con el t\u00edtulo Xal\u00f3nia i en 2013 fue el primer pueblo de la prov\u00edncia de Alacant en tener un mercado peri\u00f3dico de agricultura ecol\u00f3gica y productos tradicionales llamado &#8216;Mercat de la Terra&#8217;. En 2018 Xal\u00f3 sigue innovando en productos que transitan a medio camino entre la promoci\u00f3n tur\u00edstica y comercial, y presenta la primera edici\u00f3n del proyecto B\u00e8rniaFest, el fin de semana de la monta\u00f1a.<\/p>\n<p>Se trata de un proyecto que pretende ser el inicio de una feria deportiva y comercial dedicada al sector de monta\u00f1a, y que se organiza alrededor de un evento deportivo central y de referencia como es la carrera puntuable pel circuito comarcal B\u00e8rnia Moscatell Trail, una carrera de hasta 22,5 km que llega a los 1200 m de desnivel.<\/p>\n<p>Xal\u00f3 pone un valor le oferta de monta\u00f1a del municipio, apostando por la gastronomia y el deporte m\u00e1s aut\u00f3ctonos y consolid\u00e1ndose como un destino de turismo activo. La propuesta une el deporte de primer nivel (B\u00e8rnia Moscatell Trail), la promoci\u00f3n del sector automobil\u00edstico camper (Encuentro y expositor de veh\u00edculos Camper), el sector de restauraci\u00f3n gastron\u00f3mico (campa\u00f1a de men\u00fas de monta\u00f1a en los negocios de restauraci\u00f3n), la programaci\u00f3n infantil vinculada a la monta\u00f1a (actividades como cuenta cuentos, roc\u0153drom, tirolina&#8230;), la tradici\u00f3n rural (Mercat de la Terra dedicado a la confecci\u00f3n de aceite) y la apusta audiovisual con la proyecci\u00f3n de reportajes del sector.<\/p>\n<p>En cuento al evento central, el B\u00e8rnia Moscatell Trail se enmarca en la primera edici\u00f3n del Circuit Trail la Marina que en \u00e9sta edici\u00f3n pasar\u00e1 por 11 pueblos. Organizado por el Club Atletisme B\u00e8rnia de Xal\u00f3, el evento va m\u00e1s all\u00e0 de una simple carrera de trail, pues fusiona monta\u00f1a y deporte dentro del emblem\u00e1tico parque natural de la Sierra de B\u00e8rnia, pasando por espacios naturales de gran belleza como por ejemplo la Devesa, el Barranc del Negre, la Serra del Ferrer, el Masserof, les Planisses y el Barranc del Cau. Se ofrece la posibilidad de participar en dos recorridos: la media marat\u00f3n de 22.5 km que se caracteriza por un desnivel m\u00e1s pronunciado cerca de los 1200 m, o el circuito de 14 km, que es m\u00e1s corto y con un desnivel de cerca de 450 m. Las inscripciones se mantendr\u00e1n abiertas hasta el dia 1 de noviembre y la recogida de dorsales se realizar\u00e1 el s\u00e1bado 3 de noviembre de 16:30 a 19:30 en el Ajuntament de Xal\u00f3, o el mismo dia de la carrera de 7:00h hasta 15 minutos antes de la carrera.<\/p>\n<p>Inscripciones:\u00a0<a href=\"https:\/\/www.mychip.es\/evento\/trail-vistes-de-bernia-1\">https:\/\/www.mychip.es\/evento\/trail-vistes-de-bernia-1<\/a><\/p>\n<p>Por lo que respecta a la Trobada Camper, en esta primera edici\u00f3n cuenta con participaci\u00f3n de las empresas comarcales Nautica Caravaning y Carvisa D\u00e9nia y pretende instaurar un espacio para conectar usuarios y de exposici\u00f3n comercial y particular. El sector de Camper y del Camping es un espacio econ\u0153mico en auge \u00edntimamente ligado a los deportes y actividades de monta\u00f1a.<\/p>\n<p>Adem\u00e1s el Grup de Muntanya de Xal\u00f3 organiza la charla de autor y proyecci\u00f3n del documental Pe\u00f1\u00f3n Adaptado, grabado en el Penyal d\u2019Ifach y que trata sobre el intento de superaci\u00f3n de un escalador en este paraje.<\/p>\n<p>Tambi\u00e9n se celebra el ya tradicional Mercat de la Terra, con la edici\u00f3n especial de la Feria del Aceite de Oliva, donde se puede seguir tordo el proceso de confecci\u00f3n y de donde diversos productores exponen sus productos.<\/p>\n<p>De este modo Xal\u00f3 continua consolid\u00e1ndose como destino de turismo activo. La poblaci\u00f3n ha preparado un fin de semana cargado de actividades para toda la familia en relaci\u00f3n al\u00a0<em>trail<\/em> y a la monta\u00f1a. La carrera proporciona un marco incomparable para disfrutar de nuestra naturaleza m\u00e1s espectacular. El Club Atletisme B\u00e8rnia invita a toda la poblaci\u00f3n y habitantes de pueblos vecinos, as\u00ed com a visitantes a participar de la carrear, como deportistas o espectadores, animando a nuestros corredores y corredoras a lo largo del recorrido.<\/p>\n<p><strong>PROGRAMACI\u00d3N COMPLETA:<\/strong><\/p>\n<p><u>Viernes<\/u><\/p>\n<p>20.00h Proyecci\u00f3n y charla del autor del documental: \u201cPe\u00f1\u00f3n Capacitado\u201d<\/p>\n<p>(Sal\u00f3n de Actos del Ajuntament)<\/p>\n<p><u>S\u00e2bado<\/u>:<\/p>\n<p>9.00-15.00h Mercat de la Terra, mercado de monta\u00f1a: Hacemos aceita. Demostraci\u00f3n, cata y exposici\u00f3n<\/p>\n<p>(Pla de la s\u00e8quia)<\/p>\n<p><img decoding=\"async\" class=\"aligncenter size-medium wp-image-3661\" src=\"https:\/\/www.xalo.org\/wp-content\/uploads\/2018\/10\/mercatdelaterra-339x480.jpg\" alt=\"\" width=\"339\" height=\"480\" srcset=\"https:\/\/www.xalo.org\/wp-content\/uploads\/2018\/10\/mercatdelaterra-339x480.jpg 339w, https:\/\/www.xalo.org\/wp-content\/uploads\/2018\/10\/mercatdelaterra.jpg 500w\" sizes=\"(max-width: 339px) 100vw, 339px\" \/><\/p>\n<p>12.00 Cuenta cuentos: La Bella espavilada<\/p>\n<p>(Pla de la s\u00e8quia)<\/p>\n<p>10.00-14.00h <em>Trobada<\/em> y exposici\u00f3n de veh\u00edculos camper: ven con tu Camper (inscripciones: <a href=\"mailto:XaloCamper@gmail.com\">XaloCamper@gmail.com<\/a>)<\/p>\n<p>(Pla\u00e7a Major de Xal\u00f3)<\/p>\n<p><img decoding=\"async\" class=\"aligncenter size-medium wp-image-3658\" src=\"https:\/\/www.xalo.org\/wp-content\/uploads\/2018\/10\/trobada-camper-341x480.jpg\" alt=\"\" width=\"341\" height=\"480\" srcset=\"https:\/\/www.xalo.org\/wp-content\/uploads\/2018\/10\/trobada-camper-341x480.jpg 341w, https:\/\/www.xalo.org\/wp-content\/uploads\/2018\/10\/trobada-camper-728x1024.jpg 728w, https:\/\/www.xalo.org\/wp-content\/uploads\/2018\/10\/trobada-camper-1080x1519.jpg 1080w\" sizes=\"(max-width: 341px) 100vw, 341px\" \/><\/p>\n<p>10.00h-18.00h Actividades infantiles y juveniles de muntanya: Roc\u00f3dromo y Tirolina.<\/p>\n<p>(Pla\u00e7a Major)<\/p>\n<p>13.00 a 15.00h. \u201cComidas de monta\u00f1a\u201d en los locales de restauraci\u00f3n del municipio (consulta els men\u00fas a <a href=\"https:\/\/www.xalo.org\/dinarsdemuntanya\">www.xalo.org\/dinarsdemuntanya<\/a>)<\/p>\n<p><img decoding=\"async\" class=\"aligncenter size-medium wp-image-3671\" src=\"https:\/\/www.xalo.org\/wp-content\/uploads\/2018\/10\/berniafest-dinars-de-muntanya_Mesa-de-trabajo-1-copia2-341x480.jpg\" alt=\"\" width=\"341\" height=\"480\" srcset=\"https:\/\/www.xalo.org\/wp-content\/uploads\/2018\/10\/berniafest-dinars-de-muntanya_Mesa-de-trabajo-1-copia2-341x480.jpg 341w, https:\/\/www.xalo.org\/wp-content\/uploads\/2018\/10\/berniafest-dinars-de-muntanya_Mesa-de-trabajo-1-copia2-728x1024.jpg 728w, https:\/\/www.xalo.org\/wp-content\/uploads\/2018\/10\/berniafest-dinars-de-muntanya_Mesa-de-trabajo-1-copia2-1080x1518.jpg 1080w\" sizes=\"(max-width: 341px) 100vw, 341px\" \/><\/p>\n<p><u>Domingo<\/u>:<\/p>\n<p>8.00 a 15.00h. <strong>B\u00e8rnia Moscatell Trail<\/strong><\/p>\n<p>Aparcamiento<\/p>\n<p><img decoding=\"async\" class=\"aligncenter size-medium wp-image-3675\" src=\"https:\/\/www.xalo.org\/wp-content\/uploads\/2018\/10\/parking-480x480.jpg\" alt=\"\" width=\"480\" height=\"480\" srcset=\"https:\/\/www.xalo.org\/wp-content\/uploads\/2018\/10\/parking-480x480.jpg 480w, https:\/\/www.xalo.org\/wp-content\/uploads\/2018\/10\/parking-150x150.jpg 150w, https:\/\/www.xalo.org\/wp-content\/uploads\/2018\/10\/parking.jpg 500w\" sizes=\"(max-width: 480px) 100vw, 480px\" \/><\/p>\n<p>Para informaci\u00f3n m\u00e1s detallada sobre la carrera \u2018B\u00e8rnia Moscatell Trail\u2019:<\/p>\n<p>Inscripciones: <a href=\"https:\/\/www.mychip.es\/evento\/trail-vistes-de-bernia-1\">https:\/\/www.mychip.es\/evento\/trail-vistes-de-bernia-1<\/a><\/p>\n<p>Facebook: <a href=\"https:\/\/www.facebook.com\/BerniaMoscatelltrail\/?rc=p\">https:\/\/www.facebook.com\/BerniaMoscatelltrail\/?rc=p<\/a><\/p>\n<p>&nbsp;<\/p>","protected":false},"excerpt":{"rendered":"<p>NUEVA PROPUESTA DE INNOVACI\u00d3N COMERCIAL Y TUR\u00cdSTICA EN XAL\u00d3 XAL\u00d3 CELEBRA LA PRIMERA EDICIO\u0301N DEL B\u00c8RNIAFEST, UN FIN DE SEMANA PARA DISFRUTAR DE LA MONTA\u00d1A EN EL MARCO DEL B\u00c8RNIA MOSCATELL TRAIL En 2012 Xal\u00f3 activ\u00f3 un nuevo concepto de feria comercial con el t\u00edtulo Xal\u00f3nia i en 2013 fue el primer pueblo de la [&hellip;]<\/p>\n","protected":false},"author":1,"featured_media":3629,"parent":0,"menu_order":0,"comment_status":"closed","ping_status":"closed","template":"","meta":{"_et_pb_use_builder":"","_et_pb_old_content":"","_et_gb_content_width":"","footnotes":""},"class_list":["post-3632","page","type-page","status-publish","has-post-thumbnail","hentry"],"aioseo_notices":[],"_links":{"self":[{"href":"https:\/\/www.xalo.org\/es\/wp-json\/wp\/v2\/pages\/3632","targetHints":{"allow":["GET"]}}],"collection":[{"href":"https:\/\/www.xalo.org\/es\/wp-json\/wp\/v2\/pages"}],"about":[{"href":"https:\/\/www.xalo.org\/es\/wp-json\/wp\/v2\/types\/page"}],"author":[{"embeddable":true,"href":"https:\/\/www.xalo.org\/es\/wp-json\/wp\/v2\/users\/1"}],"replies":[{"embeddable":true,"href":"https:\/\/www.xalo.org\/es\/wp-json\/wp\/v2\/comments?post=3632"}],"version-history":[{"count":0,"href":"https:\/\/www.xalo.org\/es\/wp-json\/wp\/v2\/pages\/3632\/revisions"}],"wp:featuredmedia":[{"embeddable":true,"href":"https:\/\/www.xalo.org\/es\/wp-json\/wp\/v2\/media\/3629"}],"wp:attachment":[{"href":"https:\/\/www.xalo.org\/es\/wp-json\/wp\/v2\/media?parent=3632"}],"curies":[{"name":"wp","href":"https:\/\/api.w.org\/{rel}","templated":true}]}}

BèrniaFest &#8211; 3 y 4 noviembre 2018

<p><img decoding="async" class="aligncenter size-medium wp-image-3640" src="https://www.xalo.org/wp-content/uploads/2018/10/df0f4037-8bb0-418a-9840-a128ebdec19f1-342x480.jpg" alt="" width="342" height="480" srcset="https://www.xalo.org/wp-content/uploads/2018/10/df0f4037-8bb0-418a-9840-a128ebdec19f1-342x480.jpg 342w, https://www.xalo.org/wp-content/uploads/2018/10/df0f4037-8bb0-418a-9840-a128ebdec19f1-729x1024.jpg 729w, https://www.xalo.org/wp-content/uploads/2018/10/df0f4037-8bb0-418a-9840-a128ebdec19f1.jpg 946w" sizes="(max-width: 342px) 100vw, 342px" /></p>
<p><strong>NUEVA PROPUESTA DE INNOVACIÓN COMERCIAL Y TURÍSTICA EN XALÓ</strong></p>
<p>XALÓ CELEBRA LA PRIMERA EDICIÓN DEL BÈRNIAFEST, UN FIN DE SEMANA PARA DISFRUTAR DE LA MONTAÑA EN EL MARCO DEL BÈRNIA MOSCATELL TRAIL</p>
<p>En 2012 Xaló activó un nuevo concepto de feria comercial con el título Xalónia i en 2013 fue el primer pueblo de la província de Alacant en tener un mercado periódico de agricultura ecológica y productos tradicionales llamado &#8216;Mercat de la Terra&#8217;. En 2018 Xaló sigue innovando en productos que transitan a medio camino entre la promoción turística y comercial, y presenta la primera edición del proyecto BèrniaFest, el fin de semana de la montaña.</p>
<p>Se trata de un proyecto que pretende ser el inicio de una feria deportiva y comercial dedicada al sector de montaña, y que se organiza alrededor de un evento deportivo central y de referencia como es la carrera puntuable pel circuito comarcal Bèrnia Moscatell Trail, una carrera de hasta 22,5 km que llega a los 1200 m de desnivel.</p>
<p>Xaló pone un valor le oferta de montaña del municipio, apostando por la gastronomia y el deporte más autóctonos y consolidándose como un destino de turismo activo. La propuesta une el deporte de primer nivel (Bèrnia Moscatell Trail), la promoción del sector automobilístico camper (Encuentro y expositor de vehículos Camper), el sector de restauración gastronómico (campaña de menús de montaña en los negocios de restauración), la programación infantil vinculada a la montaña (actividades como cuenta cuentos, rocœdrom, tirolina&#8230;), la tradición rural (Mercat de la Terra dedicado a la confección de aceite) y la apusta audiovisual con la proyección de reportajes del sector.</p>
<p>En cuento al evento central, el Bèrnia Moscatell Trail se enmarca en la primera edición del Circuit Trail la Marina que en ésta edición pasará por 11 pueblos. Organizado por el Club Atletisme Bèrnia de Xaló, el evento va más allà de una simple carrera de trail, pues fusiona montaña y deporte dentro del emblemático parque natural de la Sierra de Bèrnia, pasando por espacios naturales de gran belleza como por ejemplo la Devesa, el Barranc del Negre, la Serra del Ferrer, el Masserof, les Planisses y el Barranc del Cau. Se ofrece la posibilidad de participar en dos recorridos: la media maratón de 22.5 km que se caracteriza por un desnivel más pronunciado cerca de los 1200 m, o el circuito de 14 km, que es más corto y con un desnivel de cerca de 450 m. Las inscripciones se mantendrán abiertas hasta el dia 1 de noviembre y la recogida de dorsales se realizará el sábado 3 de noviembre de 16:30 a 19:30 en el Ajuntament de Xaló, o el mismo dia de la carrera de 7:00h hasta 15 minutos antes de la carrera.</p>
<p>Inscripciones: <a href="https://www.mychip.es/evento/trail-vistes-de-bernia-1">https://www.mychip.es/evento/trail-vistes-de-bernia-1</a></p>
<p>Por lo que respecta a la Trobada Camper, en esta primera edición cuenta con participación de las empresas comarcales Nautica Caravaning y Carvisa Dénia y pretende instaurar un espacio para conectar usuarios y de exposición comercial y particular. El sector de Camper y del Camping es un espacio econœmico en auge íntimamente ligado a los deportes y actividades de montaña.</p>
<p>Además el Grup de Muntanya de Xaló organiza la charla de autor y proyección del documental Peñón Adaptado, grabado en el Penyal d’Ifach y que trata sobre el intento de superación de un escalador en este paraje.</p>
<p>También se celebra el ya tradicional Mercat de la Terra, con la edición especial de la Feria del Aceite de Oliva, donde se puede seguir tordo el proceso de confección y de donde diversos productores exponen sus productos.</p>
<p>De este modo Xaló continua consolidándose como destino de turismo activo. La población ha preparado un fin de semana cargado de actividades para toda la familia en relación al <em>trail</em> y a la montaña. La carrera proporciona un marco incomparable para disfrutar de nuestra naturaleza más espectacular. El Club Atletisme Bèrnia invita a toda la población y habitantes de pueblos vecinos, así com a visitantes a participar de la carrear, como deportistas o espectadores, animando a nuestros corredores y corredoras a lo largo del recorrido.</p>
<p><strong>PROGRAMACIÓN COMPLETA:</strong></p>
<p><u>Viernes</u></p>
<p>20.00h Proyección y charla del autor del documental: “Peñón Capacitado”</p>
<p>(Salón de Actos del Ajuntament)</p>
<p><u>Sâbado</u>:</p>
<p>9.00-15.00h Mercat de la Terra, mercado de montaña: Hacemos aceita. Demostración, cata y exposición</p>
<p>(Pla de la sèquia)</p>
<p><img decoding="async" class="aligncenter size-medium wp-image-3661" src="https://www.xalo.org/wp-content/uploads/2018/10/mercatdelaterra-339x480.jpg" alt="" width="339" height="480" srcset="https://www.xalo.org/wp-content/uploads/2018/10/mercatdelaterra-339x480.jpg 339w, https://www.xalo.org/wp-content/uploads/2018/10/mercatdelaterra.jpg 500w" sizes="(max-width: 339px) 100vw, 339px" /></p>
<p>12.00 Cuenta cuentos: La Bella espavilada</p>
<p>(Pla de la sèquia)</p>
<p>10.00-14.00h <em>Trobada</em> y exposición de vehículos camper: ven con tu Camper (inscripciones: <a href="mailto:XaloCamper@gmail.com">XaloCamper@gmail.com</a>)</p>
<p>(Plaça Major de Xaló)</p>
<p><img decoding="async" class="aligncenter size-medium wp-image-3658" src="https://www.xalo.org/wp-content/uploads/2018/10/trobada-camper-341x480.jpg" alt="" width="341" height="480" srcset="https://www.xalo.org/wp-content/uploads/2018/10/trobada-camper-341x480.jpg 341w, https://www.xalo.org/wp-content/uploads/2018/10/trobada-camper-728x1024.jpg 728w, https://www.xalo.org/wp-content/uploads/2018/10/trobada-camper-1080x1519.jpg 1080w" sizes="(max-width: 341px) 100vw, 341px" /></p>
<p>10.00h-18.00h Actividades infantiles y juveniles de muntanya: Rocódromo y Tirolina.</p>
<p>(Plaça Major)</p>
<p>13.00 a 15.00h. “Comidas de montaña” en los locales de restauración del municipio (consulta els menús a <a href="https://www.xalo.org/dinarsdemuntanya">www.xalo.org/dinarsdemuntanya</a>)</p>
<p><img decoding="async" class="aligncenter size-medium wp-image-3671" src="https://www.xalo.org/wp-content/uploads/2018/10/berniafest-dinars-de-muntanya_Mesa-de-trabajo-1-copia2-341x480.jpg" alt="" width="341" height="480" srcset="https://www.xalo.org/wp-content/uploads/2018/10/berniafest-dinars-de-muntanya_Mesa-de-trabajo-1-copia2-341x480.jpg 341w, https://www.xalo.org/wp-content/uploads/2018/10/berniafest-dinars-de-muntanya_Mesa-de-trabajo-1-copia2-728x1024.jpg 728w, https://www.xalo.org/wp-content/uploads/2018/10/berniafest-dinars-de-muntanya_Mesa-de-trabajo-1-copia2-1080x1518.jpg 1080w" sizes="(max-width: 341px) 100vw, 341px" /></p>
<p><u>Domingo</u>:</p>
<p>8.00 a 15.00h. <strong>Bèrnia Moscatell Trail</strong></p>
<p>Aparcamiento</p>
<p><img decoding="async" class="aligncenter size-medium wp-image-3675" src="https://www.xalo.org/wp-content/uploads/2018/10/parking-480x480.jpg" alt="" width="480" height="480" srcset="https://www.xalo.org/wp-content/uploads/2018/10/parking-480x480.jpg 480w, https://www.xalo.org/wp-content/uploads/2018/10/parking-150x150.jpg 150w, https://www.xalo.org/wp-content/uploads/2018/10/parking.jpg 500w" sizes="(max-width: 480px) 100vw, 480px" /></p>
<p>Para información más detallada sobre la carrera ‘Bèrnia Moscatell Trail’:</p>
<p>Inscripciones: <a href="https://www.mychip.es/evento/trail-vistes-de-bernia-1">https://www.mychip.es/evento/trail-vistes-de-bernia-1</a></p>
<p>Facebook: <a href="https://www.facebook.com/BerniaMoscatelltrail/?rc=p">https://www.facebook.com/BerniaMoscatelltrail/?rc=p</a></p>
<p>&nbsp;</p>

<p>NUEVA PROPUESTA DE INNOVACIÓN COMERCIAL Y TURÍSTICA EN XALÓ XALÓ CELEBRA LA PRIMERA EDICIÓN DEL BÈRNIAFEST, UN FIN DE SEMANA PARA DISFRUTAR DE LA MONTAÑA EN EL MARCO DEL BÈRNIA MOSCATELL TRAIL En 2012 Xaló activó un nuevo concepto de feria comercial con el título Xalónia i en 2013 fue el primer pueblo de la [&hellip;]</p>
